{"id":659,"date":"2018-06-29T16:27:38","date_gmt":"2018-06-29T16:27:38","guid":{"rendered":"http:\/\/openhistoryseminar.com\/canadianhistory\/?post_type=chapter&#038;p=659"},"modified":"2019-06-04T16:58:59","modified_gmt":"2019-06-04T16:58:59","slug":"introduction-19","status":"publish","type":"chapter","link":"https:\/\/openhistoryseminar.com\/canadianhistory\/chapter\/introduction-19\/","title":{"raw":"Introduction","rendered":"Introduction"},"content":{"raw":"<center><a href=\"http:\/\/openhistoryseminar.com\/canadianhistory\/wp-content\/uploads\/sites\/2\/2018\/06\/e010768036-v8.jpg\"><img class=\"aligncenter wp-image-669 size-medium\" src=\"http:\/\/openhistoryseminar.com\/canadianhistory\/wp-content\/uploads\/sites\/2\/2018\/06\/e010768036-v8-300x200.jpg\" alt=\"\" width=\"300\" height=\"200\" \/><\/a><\/center>\r\n<p style=\"text-align: center;\"><strong>Federal-Provincial Conference of First Ministers on the Constitution, November 1981 - Jean Chr\u00e9tien; Prime Minister Pierre Trudeau; Claude Morin; and Premier of Qu\u00e9bec Ren\u00e9 L\u00e9vesque. Source: Library and Archives Canada, MIKAN <a href=\"http:\/\/collectionscanada.gc.ca\/ourl\/res.php?url_ver=Z39.88-2004&amp;url_tim=2018-06-29T16%3A40%3A44Z&amp;url_ctx_fmt=info%3Aofi%2Ffmt%3Akev%3Amtx%3Actx&amp;rft_dat=4002122&amp;rfr_id=info%3Asid%2Fcollectionscanada.gc.ca%3Apam&amp;lang=eng\">4002122<\/a>.<\/strong><\/p>\r\n\r\n\r\n<hr \/>\r\n\r\nIn the 1960s, Quebec intellectuals debated issues concerning the development of the province and emerging nationalist sentiments.\u00a0Ren\u00e9 L\u00e9vesque and Pierre Elliot Trudeau emerged as leading intellectual and political figures in these debates. They each wrote about their ideas about political and economic development for the province and reflected on the idea of nationalism among Quebecois.\r\n\r\nBy the mid-1960s, much had changed in the province in terms of economic self-determination, deliverance from the power of the Catholic Church, and an assertion of provincial rights. Historians and other scholars came to describe this as the so-called \"Quiet Revolution.\" But simultaneously, the province experienced the rise of an extremist, extra-legal nationalist movement. The province was gripped by terrorist acts throughout the 1960s, mainly in the form of bombings. This included hundreds of small-device explosions and a spectacular attack on the Montreal Stock Exchange.\r\n\r\nThe two documents in this module were published in\u00a0<em>Cit\u00e9 libre<\/em>, a magazine created in 1950 by a group of diverse Quebec intellectuals who were united in their opposition to the authoritarian government of Maurice Duplessis. By the mid-1960s, however, this group had fractured, especially over the issue of nationalism and separatism. You will read two articles from this magazine and explore competing ideas of nationalism and liberty in Quebec.\r\n<h3>Historical Documents<\/h3>\r\n<ol>\r\n \t<li>\r\n<h3>L\u00e9vesque, Ren\u00e9.\u00a0<a href=\"https:\/\/archive.org\/details\/27CITELIBRE111960\" target=\"_blank\" rel=\"noopener\">&lt;&lt;Pas plus b\u00eates que les Arabes&gt;&gt;<\/a>\u00a0<em>Cit\u00e9 libre<\/em>, 11, no. 27 (May 1960): 17-18.<\/h3>\r\n<\/li>\r\n \t<li>\r\n<h3>Trudeau, Pierre.\u00a0<a href=\"https:\/\/archive.org\/details\/67CITELIBRE151964\" target=\"_blank\" rel=\"noopener\">&lt;&lt;Les s\u00e9paratistes: des contre-r\u00e9volutionnaires&gt;&gt;<\/a>\u00a0<em>Cit\u00e9 libre<\/em>, 15, no. 67 (May 1964): 2-6.<\/h3>\r\n<\/li>\r\n<\/ol>","rendered":"<div style=\"text-align: center;\"><a href=\"https:\/\/i0.wp.com\/openhistoryseminar.com\/canadianhistory\/wp-content\/uploads\/sites\/2\/2018\/06\/e010768036-v8.jpg\"><img loading=\"lazy\" decoding=\"async\" data-attachment-id=\"669\" data-permalink=\"https:\/\/openhistoryseminar.com\/canadianhistory\/chapter\/introduction-19\/e010768036-v8\/\" data-orig-file=\"https:\/\/i0.wp.com\/openhistoryseminar.com\/canadianhistory\/wp-content\/uploads\/sites\/2\/2018\/06\/e010768036-v8.jpg?fit=1000%2C668&amp;ssl=1\" data-orig-size=\"1000,668\" data-comments-opened=\"0\" data-image-meta=\"{&quot;aperture&quot;:&quot;0&quot;,&quot;credit&quot;:&quot;&quot;,&quot;camera&quot;:&quot;Nikon SUPER COOLSCAN 5000 ED&quot;,&quot;caption&quot;:&quot;&quot;,&quot;created_timestamp&quot;:&quot;0&quot;,&quot;copyright&quot;:&quot;&quot;,&quot;focal_length&quot;:&quot;0&quot;,&quot;iso&quot;:&quot;0&quot;,&quot;shutter_speed&quot;:&quot;0&quot;,&quot;title&quot;:&quot;&quot;,&quot;orientation&quot;:&quot;1&quot;}\" data-image-title=\"e010768036-v8\" data-image-description=\"\" data-image-caption=\"&lt;p&gt;Federal-Provincial Conference of First Ministers on the Constitution, November 1981 &#8211; Jean Chr\u00e9tien; Prime Minister Pierre Trudeau; Claude Morin; and Premier of Qu\u00e9bec Ren\u00e9 L\u00e9vesque. Source: Library and Archives Canada, MIKAN &lt;a href=&quot;http:\/\/collectionscanada.gc.ca\/ourl\/res.php?url_ver=Z39.88-2004&#038;url_tim=2018-06-29T16%3A40%3A44Z&#038;url_ctx_fmt=info%3Aofi%2Ffmt%3Akev%3Amtx%3Actx&#038;rft_dat=4002122&#038;rfr_id=info%3Asid%2Fcollectionscanada.gc.ca%3Apam&#038;lang=eng&quot;&gt;4002122&lt;\/a&gt;.&lt;\/p&gt;\n\" data-medium-file=\"https:\/\/i0.wp.com\/openhistoryseminar.com\/canadianhistory\/wp-content\/uploads\/sites\/2\/2018\/06\/e010768036-v8.jpg?fit=300%2C200&amp;ssl=1\" data-large-file=\"https:\/\/i0.wp.com\/openhistoryseminar.com\/canadianhistory\/wp-content\/uploads\/sites\/2\/2018\/06\/e010768036-v8.jpg?fit=1000%2C668&amp;ssl=1\" class=\"aligncenter wp-image-669 size-medium\" src=\"https:\/\/i0.wp.com\/openhistoryseminar.com\/canadianhistory\/wp-content\/uploads\/sites\/2\/2018\/06\/e010768036-v8.jpg?resize=300%2C200\" alt=\"\" width=\"300\" height=\"200\" srcset=\"https:\/\/i0.wp.com\/openhistoryseminar.com\/canadianhistory\/wp-content\/uploads\/sites\/2\/2018\/06\/e010768036-v8.jpg?resize=300%2C200&amp;ssl=1 300w, https:\/\/i0.wp.com\/openhistoryseminar.com\/canadianhistory\/wp-content\/uploads\/sites\/2\/2018\/06\/e010768036-v8.jpg?resize=768%2C513&amp;ssl=1 768w, https:\/\/i0.wp.com\/openhistoryseminar.com\/canadianhistory\/wp-content\/uploads\/sites\/2\/2018\/06\/e010768036-v8.jpg?resize=65%2C43&amp;ssl=1 65w, https:\/\/i0.wp.com\/openhistoryseminar.com\/canadianhistory\/wp-content\/uploads\/sites\/2\/2018\/06\/e010768036-v8.jpg?resize=225%2C150&amp;ssl=1 225w, https:\/\/i0.wp.com\/openhistoryseminar.com\/canadianhistory\/wp-content\/uploads\/sites\/2\/2018\/06\/e010768036-v8.jpg?resize=350%2C234&amp;ssl=1 350w, https:\/\/i0.wp.com\/openhistoryseminar.com\/canadianhistory\/wp-content\/uploads\/sites\/2\/2018\/06\/e010768036-v8.jpg?w=1000&amp;ssl=1 1000w\" sizes=\"(max-width: 300px) 100vw, 300px\" data-recalc-dims=\"1\" \/><\/a><\/div>\n<p style=\"text-align: center;\"><strong>Federal-Provincial Conference of First Ministers on the Constitution, November 1981 &#8211; Jean Chr\u00e9tien; Prime Minister Pierre Trudeau; Claude Morin; and Premier of Qu\u00e9bec Ren\u00e9 L\u00e9vesque. Source: Library and Archives Canada, MIKAN <a href=\"http:\/\/collectionscanada.gc.ca\/ourl\/res.php?url_ver=Z39.88-2004&amp;url_tim=2018-06-29T16%3A40%3A44Z&amp;url_ctx_fmt=info%3Aofi%2Ffmt%3Akev%3Amtx%3Actx&amp;rft_dat=4002122&amp;rfr_id=info%3Asid%2Fcollectionscanada.gc.ca%3Apam&amp;lang=eng\">4002122<\/a>.<\/strong><\/p>\n<hr \/>\n<p>In the 1960s, Quebec intellectuals debated issues concerning the development of the province and emerging nationalist sentiments.\u00a0Ren\u00e9 L\u00e9vesque and Pierre Elliot Trudeau emerged as leading intellectual and political figures in these debates. They each wrote about their ideas about political and economic development for the province and reflected on the idea of nationalism among Quebecois.<\/p>\n<p>By the mid-1960s, much had changed in the province in terms of economic self-determination, deliverance from the power of the Catholic Church, and an assertion of provincial rights. Historians and other scholars came to describe this as the so-called &#8220;Quiet Revolution.&#8221; But simultaneously, the province experienced the rise of an extremist, extra-legal nationalist movement. The province was gripped by terrorist acts throughout the 1960s, mainly in the form of bombings. This included hundreds of small-device explosions and a spectacular attack on the Montreal Stock Exchange.<\/p>\n<p>The two documents in this module were published in\u00a0<em>Cit\u00e9 libre<\/em>, a magazine created in 1950 by a group of diverse Quebec intellectuals who were united in their opposition to the authoritarian government of Maurice Duplessis. By the mid-1960s, however, this group had fractured, especially over the issue of nationalism and separatism. You will read two articles from this magazine and explore competing ideas of nationalism and liberty in Quebec.<\/p>\n<h3>Historical Documents<\/h3>\n<ol>\n<li>\n<h3>L\u00e9vesque, Ren\u00e9.\u00a0<a href=\"https:\/\/archive.org\/details\/27CITELIBRE111960\" target=\"_blank\" rel=\"noopener\">&lt;&lt;Pas plus b\u00eates que les Arabes&gt;&gt;<\/a>\u00a0<em>Cit\u00e9 libre<\/em>, 11, no. 27 (May 1960): 17-18.<\/h3>\n<\/li>\n<li>\n<h3>Trudeau, Pierre.\u00a0<a href=\"https:\/\/archive.org\/details\/67CITELIBRE151964\" target=\"_blank\" rel=\"noopener\">&lt;&lt;Les s\u00e9paratistes: des contre-r\u00e9volutionnaires&gt;&gt;<\/a>\u00a0<em>Cit\u00e9 libre<\/em>, 15, no. 67 (May 1964): 2-6.<\/h3>\n<\/li>\n<\/ol>\n","protected":false},"author":1,"menu_order":1,"template":"","meta":{"pb_show_title":"on","pb_short_title":"","pb_subtitle":"","pb_authors":[],"pb_section_license":""},"chapter-type":[48],"contributor":[],"license":[],"part":658,"jetpack_sharing_enabled":true,"_links":{"self":[{"href":"https:\/\/openhistoryseminar.com\/canadianhistory\/wp-json\/pressbooks\/v2\/chapters\/659"}],"collection":[{"href":"https:\/\/openhistoryseminar.com\/canadianhistory\/wp-json\/pressbooks\/v2\/chapters"}],"about":[{"href":"https:\/\/openhistoryseminar.com\/canadianhistory\/wp-json\/wp\/v2\/types\/chapter"}],"author":[{"embeddable":true,"href":"https:\/\/openhistoryseminar.com\/canadianhistory\/wp-json\/wp\/v2\/users\/1"}],"version-history":[{"count":10,"href":"https:\/\/openhistoryseminar.com\/canadianhistory\/wp-json\/pressbooks\/v2\/chapters\/659\/revisions"}],"predecessor-version":[{"id":1280,"href":"https:\/\/openhistoryseminar.com\/canadianhistory\/wp-json\/pressbooks\/v2\/chapters\/659\/revisions\/1280"}],"part":[{"href":"https:\/\/openhistoryseminar.com\/canadianhistory\/wp-json\/pressbooks\/v2\/parts\/658"}],"metadata":[{"href":"https:\/\/openhistoryseminar.com\/canadianhistory\/wp-json\/pressbooks\/v2\/chapters\/659\/metadata\/"}],"wp:attachment":[{"href":"https:\/\/openhistoryseminar.com\/canadianhistory\/wp-json\/wp\/v2\/media?parent=659"}],"wp:term":[{"taxonomy":"chapter-type","embeddable":true,"href":"https:\/\/openhistoryseminar.com\/canadianhistory\/wp-json\/pressbooks\/v2\/chapter-type?post=659"},{"taxonomy":"contributor","embeddable":true,"href":"https:\/\/openhistoryseminar.com\/canadianhistory\/wp-json\/wp\/v2\/contributor?post=659"},{"taxonomy":"license","embeddable":true,"href":"https:\/\/openhistoryseminar.com\/canadianhistory\/wp-json\/wp\/v2\/license?post=659"}],"curies":[{"name":"wp","href":"https:\/\/api.w.org\/{rel}","templated":true}]}}

<center><a href="http://openhistoryseminar.com/canadianhistory/wp-content/uploads/sites/2/2018/06/e010768036-v8.jpg"><img class="aligncenter wp-image-669 size-medium" src="http://openhistoryseminar.com/canadianhistory/wp-content/uploads/sites/2/2018/06/e010768036-v8-300x200.jpg" alt="" width="300" height="200" /></a></center>
<p style="text-align: center;"><strong>Federal-Provincial Conference of First Ministers on the Constitution, November 1981 - Jean Chrétien; Prime Minister Pierre Trudeau; Claude Morin; and Premier of Québec René Lévesque. Source: Library and Archives Canada, MIKAN <a href="http://collectionscanada.gc.ca/ourl/res.php?url_ver=Z39.88-2004&amp;url_tim=2018-06-29T16%3A40%3A44Z&amp;url_ctx_fmt=info%3Aofi%2Ffmt%3Akev%3Amtx%3Actx&amp;rft_dat=4002122&amp;rfr_id=info%3Asid%2Fcollectionscanada.gc.ca%3Apam&amp;lang=eng">4002122</a>.</strong></p>


<hr />

In the 1960s, Quebec intellectuals debated issues concerning the development of the province and emerging nationalist sentiments. René Lévesque and Pierre Elliot Trudeau emerged as leading intellectual and political figures in these debates. They each wrote about their ideas about political and economic development for the province and reflected on the idea of nationalism among Quebecois.

By the mid-1960s, much had changed in the province in terms of economic self-determination, deliverance from the power of the Catholic Church, and an assertion of provincial rights. Historians and other scholars came to describe this as the so-called "Quiet Revolution." But simultaneously, the province experienced the rise of an extremist, extra-legal nationalist movement. The province was gripped by terrorist acts throughout the 1960s, mainly in the form of bombings. This included hundreds of small-device explosions and a spectacular attack on the Montreal Stock Exchange.

The two documents in this module were published in <em>Cité libre</em>, a magazine created in 1950 by a group of diverse Quebec intellectuals who were united in their opposition to the authoritarian government of Maurice Duplessis. By the mid-1960s, however, this group had fractured, especially over the issue of nationalism and separatism. You will read two articles from this magazine and explore competing ideas of nationalism and liberty in Quebec.
<h3>Historical Documents</h3>
<ol>
 	<li>
<h3>Lévesque, René. <a href="https://archive.org/details/27CITELIBRE111960" target="_blank" rel="noopener">&lt;&lt;Pas plus bêtes que les Arabes&gt;&gt;</a> <em>Cité libre</em>, 11, no. 27 (May 1960): 17-18.</h3>
</li>
 	<li>
<h3>Trudeau, Pierre. <a href="https://archive.org/details/67CITELIBRE151964" target="_blank" rel="noopener">&lt;&lt;Les séparatistes: des contre-révolutionnaires&gt;&gt;</a> <em>Cité libre</em>, 15, no. 67 (May 1964): 2-6.</h3>
</li>
</ol>

<div style="text-align: center;"><a href="https://i0.wp.com/openhistoryseminar.com/canadianhistory/wp-content/uploads/sites/2/2018/06/e010768036-v8.jpg"><img loading="lazy" decoding="async" data-attachment-id="669" data-permalink="https://openhistoryseminar.com/canadianhistory/chapter/introduction-19/e010768036-v8/" data-orig-file="https://i0.wp.com/openhistoryseminar.com/canadianhistory/wp-content/uploads/sites/2/2018/06/e010768036-v8.jpg?fit=1000%2C668&amp;ssl=1" data-orig-size="1000,668" data-comments-opened="0" data-image-meta="{&quot;aperture&quot;:&quot;0&quot;,&quot;credit&quot;:&quot;&quot;,&quot;camera&quot;:&quot;Nikon SUPER COOLSCAN 5000 ED&quot;,&quot;caption&quot;:&quot;&quot;,&quot;created_timestamp&quot;:&quot;0&quot;,&quot;copyright&quot;:&quot;&quot;,&quot;focal_length&quot;:&quot;0&quot;,&quot;iso&quot;:&quot;0&quot;,&quot;shutter_speed&quot;:&quot;0&quot;,&quot;title&quot;:&quot;&quot;,&quot;orientation&quot;:&quot;1&quot;}" data-image-title="e010768036-v8" data-image-description="" data-image-caption="&lt;p&gt;Federal-Provincial Conference of First Ministers on the Constitution, November 1981 &#8211; Jean Chrétien; Prime Minister Pierre Trudeau; Claude Morin; and Premier of Québec René Lévesque. Source: Library and Archives Canada, MIKAN &lt;a href=&quot;http://collectionscanada.gc.ca/ourl/res.php?url_ver=Z39.88-2004&#038;url_tim=2018-06-29T16%3A40%3A44Z&#038;url_ctx_fmt=info%3Aofi%2Ffmt%3Akev%3Amtx%3Actx&#038;rft_dat=4002122&#038;rfr_id=info%3Asid%2Fcollectionscanada.gc.ca%3Apam&#038;lang=eng&quot;&gt;4002122&lt;/a&gt;.&lt;/p&gt;
" data-medium-file="https://i0.wp.com/openhistoryseminar.com/canadianhistory/wp-content/uploads/sites/2/2018/06/e010768036-v8.jpg?fit=300%2C200&amp;ssl=1" data-large-file="https://i0.wp.com/openhistoryseminar.com/canadianhistory/wp-content/uploads/sites/2/2018/06/e010768036-v8.jpg?fit=1000%2C668&amp;ssl=1" class="aligncenter wp-image-669 size-medium" src="https://i0.wp.com/openhistoryseminar.com/canadianhistory/wp-content/uploads/sites/2/2018/06/e010768036-v8.jpg?resize=300%2C200" alt="" width="300" height="200" srcset="https://i0.wp.com/openhistoryseminar.com/canadianhistory/wp-content/uploads/sites/2/2018/06/e010768036-v8.jpg?resize=300%2C200&amp;ssl=1 300w, https://i0.wp.com/openhistoryseminar.com/canadianhistory/wp-content/uploads/sites/2/2018/06/e010768036-v8.jpg?resize=768%2C513&amp;ssl=1 768w, https://i0.wp.com/openhistoryseminar.com/canadianhistory/wp-content/uploads/sites/2/2018/06/e010768036-v8.jpg?resize=65%2C43&amp;ssl=1 65w, https://i0.wp.com/openhistoryseminar.com/canadianhistory/wp-content/uploads/sites/2/2018/06/e010768036-v8.jpg?resize=225%2C150&amp;ssl=1 225w, https://i0.wp.com/openhistoryseminar.com/canadianhistory/wp-content/uploads/sites/2/2018/06/e010768036-v8.jpg?resize=350%2C234&amp;ssl=1 350w, https://i0.wp.com/openhistoryseminar.com/canadianhistory/wp-content/uploads/sites/2/2018/06/e010768036-v8.jpg?w=1000&amp;ssl=1 1000w" sizes="(max-width: 300px) 100vw, 300px" data-recalc-dims="1" /></a></div>
<p style="text-align: center;"><strong>Federal-Provincial Conference of First Ministers on the Constitution, November 1981 &#8211; Jean Chrétien; Prime Minister Pierre Trudeau; Claude Morin; and Premier of Québec René Lévesque. Source: Library and Archives Canada, MIKAN <a href="http://collectionscanada.gc.ca/ourl/res.php?url_ver=Z39.88-2004&amp;url_tim=2018-06-29T16%3A40%3A44Z&amp;url_ctx_fmt=info%3Aofi%2Ffmt%3Akev%3Amtx%3Actx&amp;rft_dat=4002122&amp;rfr_id=info%3Asid%2Fcollectionscanada.gc.ca%3Apam&amp;lang=eng">4002122</a>.</strong></p>
<hr />
<p>In the 1960s, Quebec intellectuals debated issues concerning the development of the province and emerging nationalist sentiments. René Lévesque and Pierre Elliot Trudeau emerged as leading intellectual and political figures in these debates. They each wrote about their ideas about political and economic development for the province and reflected on the idea of nationalism among Quebecois.</p>
<p>By the mid-1960s, much had changed in the province in terms of economic self-determination, deliverance from the power of the Catholic Church, and an assertion of provincial rights. Historians and other scholars came to describe this as the so-called &#8220;Quiet Revolution.&#8221; But simultaneously, the province experienced the rise of an extremist, extra-legal nationalist movement. The province was gripped by terrorist acts throughout the 1960s, mainly in the form of bombings. This included hundreds of small-device explosions and a spectacular attack on the Montreal Stock Exchange.</p>
<p>The two documents in this module were published in <em>Cité libre</em>, a magazine created in 1950 by a group of diverse Quebec intellectuals who were united in their opposition to the authoritarian government of Maurice Duplessis. By the mid-1960s, however, this group had fractured, especially over the issue of nationalism and separatism. You will read two articles from this magazine and explore competing ideas of nationalism and liberty in Quebec.</p>
<h3>Historical Documents</h3>
<ol>
<li>
<h3>Lévesque, René. <a href="https://archive.org/details/27CITELIBRE111960" target="_blank" rel="noopener">&lt;&lt;Pas plus bêtes que les Arabes&gt;&gt;</a> <em>Cité libre</em>, 11, no. 27 (May 1960): 17-18.</h3>
</li>
<li>
<h3>Trudeau, Pierre. <a href="https://archive.org/details/67CITELIBRE151964" target="_blank" rel="noopener">&lt;&lt;Les séparatistes: des contre-révolutionnaires&gt;&gt;</a> <em>Cité libre</em>, 15, no. 67 (May 1964): 2-6.</h3>
</li>
</ol>
